{"id":30,"date":"2022-09-28T17:22:19","date_gmt":"2022-09-28T17:22:19","guid":{"rendered":"https:\/\/pcklubfu.website.tuke.sk\/?page_id=30"},"modified":"2023-10-17T18:47:52","modified_gmt":"2023-10-17T18:47:52","slug":"studentsky-domov-ferka-urbanka-2","status":"publish","type":"page","link":"https:\/\/funet.tuke.sk\/?page_id=30","title":{"rendered":"\u0160tudentsk\u00fd domov Ferka Urb\u00e1nka 2"},"content":{"rendered":"\n<h1 class=\"wp-block-heading\">\u0160tudentsk\u00fd domov Ferka Urb\u00e1nka 2<\/h1>\n\n\n<div class=\"wp-block-image\">\n<figure class=\"aligncenter size-full\"><img loading=\"lazy\" decoding=\"async\" width=\"588\" height=\"250\" src=\"https:\/\/pcklubfu.website.tuke.sk\/wp-content\/uploads\/2022\/09\/55fae23b858d2-1.jpg\" alt=\"\" class=\"wp-image-33\" srcset=\"https:\/\/funet.tuke.sk\/wp-content\/uploads\/2022\/09\/55fae23b858d2-1.jpg 588w, https:\/\/funet.tuke.sk\/wp-content\/uploads\/2022\/09\/55fae23b858d2-1-300x128.jpg 300w\" sizes=\"auto, (max-width: 588px) 100vw, 588px\" \/><\/figure>\n<\/div>\n\n<div class=\"wp-block-image\">\n<figure class=\"aligncenter size-full\"><img loading=\"lazy\" decoding=\"async\" width=\"588\" height=\"250\" src=\"https:\/\/pcklubfu.website.tuke.sk\/wp-content\/uploads\/2022\/09\/55fae286e8a8e-1.jpg\" alt=\"\" class=\"wp-image-34\" srcset=\"https:\/\/funet.tuke.sk\/wp-content\/uploads\/2022\/09\/55fae286e8a8e-1.jpg 588w, https:\/\/funet.tuke.sk\/wp-content\/uploads\/2022\/09\/55fae286e8a8e-1-300x128.jpg 300w\" sizes=\"auto, (max-width: 588px) 100vw, 588px\" \/><\/figure>\n<\/div>\n\n\n<p><\/p>\n\n\n\n<p class=\"has-text-align-center\"><em>Nach\u00e1dza sa na \u00fazem\u00ed are\u00e1lu Technickej Univerzity v Ko\u0161iciach, ktor\u00fd n\u00e1jdete v mestskej \u010dasti Ko\u0161ice &#8211; Sever. Z hlavnej \u017eelezni\u010dnej a autobusovej stanice sa k n\u00e1m dostanete priamo&nbsp;<a rel=\"noreferrer noopener\" href=\"https:\/\/imhd.sk\/ke\/linka\/2\" target=\"_blank\">elektri\u010dkou \u010d\u00edslo 2<\/a>&nbsp;(predposledn\u00e1 zast\u00e1vka &#8211; Okresn\u00fd \u00farad). Intern\u00e1t ako prv\u00fd sl\u00fa\u017eil k ubytovaniu \u0161tudentov Technickej Univerzity. V intern\u00e1te s\u00fa ubytov\u00e1van\u00ed preva\u017ene \u0161tudenti Strojn\u00edckej fakulty a Umeleckej fakulty TU.<\/em><\/p>\n\n\n\n<p>Viac na str\u00e1nke: <a href=\"https:\/\/sdaj.tuke.sk\/urbankova2-ubytovanie\/\" target=\"_blank\" rel=\"noreferrer noopener\">https:\/\/sdaj.tuke.sk\/urbankova2-ubytovanie\/<\/a><\/p>\n\n\n\n<h1 class=\"wp-block-heading\">Pokyny pre \u0161tudentov<\/h1>\n\n\n\n<p>V\u0161etky potrebn\u00e9 inform\u00e1cie n\u00e1jdete<a href=\" https:\/\/funet.tuke.sk\/?page_id=41\"> <\/a><a href=\"https:\/\/sdaj.tuke.sk\/informacie\/\">tu<\/a><\/p>\n","protected":false},"excerpt":{"rendered":"<p>\u0160tudentsk\u00fd domov Ferka Urb\u00e1nka 2 Nach\u00e1dza sa na \u00fazem\u00ed are\u00e1lu Technickej Univerzity v Ko\u0161iciach, ktor\u00fd n\u00e1jdete v mestskej \u010dasti Ko\u0161ice &#8211; Sever. Z hlavnej \u017eelezni\u010dnej a autobusovej stanice sa k &#8230;<\/p>\n","protected":false},"author":1,"featured_media":0,"parent":0,"menu_order":0,"comment_status":"closed","ping_status":"closed","template":"","meta":{"footnotes":""},"class_list":["post-30","page","type-page","status-publish","hentry"],"_links":{"self":[{"href":"https:\/\/funet.tuke.sk\/index.php?rest_route=\/wp\/v2\/pages\/30","targetHints":{"allow":["GET"]}}],"collection":[{"href":"https:\/\/funet.tuke.sk\/index.php?rest_route=\/wp\/v2\/pages"}],"about":[{"href":"https:\/\/funet.tuke.sk\/index.php?rest_route=\/wp\/v2\/types\/page"}],"author":[{"embeddable":true,"href":"https:\/\/funet.tuke.sk\/index.php?rest_route=\/wp\/v2\/users\/1"}],"replies":[{"embeddable":true,"href":"https:\/\/funet.tuke.sk\/index.php?rest_route=%2Fwp%2Fv2%2Fcomments&post=30"}],"version-history":[{"count":16,"href":"https:\/\/funet.tuke.sk\/index.php?rest_route=\/wp\/v2\/pages\/30\/revisions"}],"predecessor-version":[{"id":657,"href":"https:\/\/funet.tuke.sk\/index.php?rest_route=\/wp\/v2\/pages\/30\/revisions\/657"}],"wp:attachment":[{"href":"https:\/\/funet.tuke.sk\/index.php?rest_route=%2Fwp%2Fv2%2Fmedia&parent=30"}],"curies":[{"name":"wp","href":"https:\/\/api.w.org\/{rel}","templated":true}]}}