{"id":319,"date":"2023-01-12T14:25:50","date_gmt":"2023-01-12T14:25:50","guid":{"rendered":"https:\/\/pcklubfu.website.tuke.sk\/?page_id=319"},"modified":"2023-03-05T09:37:49","modified_gmt":"2023-03-05T09:37:49","slug":"pripojenie-k-wi-fi","status":"publish","type":"page","link":"https:\/\/funet.tuke.sk\/?page_id=319","title":{"rendered":"Pripojenie k Wi-Fi"},"content":{"rendered":"\n<h2 class=\"wp-block-heading\">Pripojenie k Wi-Fi<\/h2>\n\n\n\n<p class=\"has-text-align-center\"><strong>Pripojenie V\u00e1\u0161ho mobiln\u00e9ho zariadenia so syst\u00e9mom Android k Wi-Fi<\/strong><\/p>\n\n\n\n<ul class=\"wp-block-list\">\n<li>Prejdite na polo\u017eku&nbsp;<strong>Nastavenia<\/strong>&nbsp;a potom vyh\u013eadajte nastavenia siete&nbsp;<strong>INTRAK<\/strong>:<\/li>\n<\/ul>\n\n\n\n<figure class=\"wp-block-image size-large\"><img decoding=\"async\" src=\"https:\/\/funet.tuke.sk\/wp-content\/uploads\/2023\/01\/wifi-sk-1-1024x258.png\" alt=\"\"\/><\/figure>\n\n\n\n<ul class=\"wp-block-list\">\n<li>Kliknite na &#8222;<strong>Roz\u0161\u00edren\u00e9 mo\u017enosti<\/strong>&#8222;<\/li>\n<\/ul>\n\n\n<div class=\"wp-block-image\">\n<figure class=\"aligncenter size-large\"><img decoding=\"async\" src=\"https:\/\/funet.tuke.sk\/wp-content\/uploads\/2023\/01\/e2-1024x809.png\" alt=\"\"\/><\/figure>\n<\/div>\n\n\n<ul class=\"wp-block-list\">\n<li>Sie\u0165 nastavte nasledovne:\n<ul class=\"wp-block-list\">\n<li>Met\u00f3da EAP:   <strong>PEAP<\/strong><\/li>\n\n\n\n<li>Druh\u00e1 f\u00e1za overenia:   <strong>MSCHAPV2<\/strong><\/li>\n\n\n\n<li>Certifik\u00e1t CA:  <strong>Neoverova\u0165 <\/strong><\/li>\n\n\n\n<li>Ochrana s\u00fakromia:  <strong>Pou\u017ei\u0165 MAC adresu zariadenia <\/strong><\/li>\n\n\n\n<li>Identita:   <strong>meno.priezvisko <\/strong><\/li>\n\n\n\n<li>Heslo:   Va\u0161e heslo od Wi-Fi, ktor\u00e9 ste si vytvorili v Userpaneli (nie heslo od userpanelu)<br><\/li>\n<\/ul>\n<\/li>\n<\/ul>\n\n\n<div class=\"wp-block-image\">\n<figure class=\"aligncenter size-large\"><img decoding=\"async\" src=\"https:\/\/funet.tuke.sk\/wp-content\/uploads\/2023\/01\/a-666x1024.png\" alt=\"\"\/><\/figure>\n<\/div>\n\n\n<p><\/p>\n\n\n\n<p class=\"has-text-align-center\"><strong>Pripojenie V\u00e1\u0161ho mobiln\u00e9ho zariadenia so syst\u00e9mom iOS<\/strong><\/p>\n\n\n\n<ul class=\"wp-block-list\">\n<li>Prejdite na polo\u017eku&nbsp;<strong>Nastavenia<\/strong>&nbsp;a potom vyh\u013eadajte nastavenia siete&nbsp;<strong>INTRAK<\/strong>:<\/li>\n<\/ul>\n\n\n<div class=\"wp-block-image\">\n<figure class=\"aligncenter size-large\"><img decoding=\"async\" src=\"https:\/\/funet.tuke.sk\/wp-content\/uploads\/2023\/01\/mac-phone-sk-3-1.png\" alt=\"\"\/><\/figure>\n<\/div>\n\n\n<ul class=\"wp-block-list\">\n<li>Sie\u0165 nastavte nasledovne:\n<ul class=\"wp-block-list\">\n<li>Vypnite mo\u017enos\u0165 &#8222;<strong>Priv\u00e1tna Wi-Fi adresa<\/strong>&#8220; !!!<\/li>\n\n\n\n<li>Kliknite na mo\u017enos\u0165 &#8222;<strong>Pripoji\u0165 sa k tejto sieti<\/strong>&#8222;<\/li>\n\n\n\n<li>U\u017e\u00edvate\u013esk\u00e9 meno:   <strong>meno.priezvisko<\/strong><\/li>\n\n\n\n<li>Heslo:  Va\u0161e heslo od Wi-Fi, ktor\u00e9 ste si vytvorili v Userpaneli (nie heslo od userpanelu)<\/li>\n<\/ul>\n<\/li>\n<\/ul>\n\n\n\n<figure class=\"wp-block-image size-large\"><img decoding=\"async\" src=\"https:\/\/funet.tuke.sk\/wp-content\/uploads\/2023\/01\/wifi-sk-4-1024x357.png\" alt=\"\"\/><\/figure>\n\n\n\n<figure class=\"wp-block-image size-large\"><img decoding=\"async\" src=\"https:\/\/funet.tuke.sk\/wp-content\/uploads\/2023\/01\/logo-2.gif\" alt=\"\"\/><\/figure>\n","protected":false},"excerpt":{"rendered":"<p>Pripojenie k Wi-Fi Pripojenie V\u00e1\u0161ho mobiln\u00e9ho zariadenia so syst\u00e9mom Android k Wi-Fi Pripojenie V\u00e1\u0161ho mobiln\u00e9ho zariadenia so syst\u00e9mom iOS<\/p>\n","protected":false},"author":2,"featured_media":0,"parent":0,"menu_order":0,"comment_status":"closed","ping_status":"closed","template":"","meta":{"footnotes":""},"class_list":["post-319","page","type-page","status-publish","hentry"],"_links":{"self":[{"href":"https:\/\/funet.tuke.sk\/index.php?rest_route=\/wp\/v2\/pages\/319","targetHints":{"allow":["GET"]}}],"collection":[{"href":"https:\/\/funet.tuke.sk\/index.php?rest_route=\/wp\/v2\/pages"}],"about":[{"href":"https:\/\/funet.tuke.sk\/index.php?rest_route=\/wp\/v2\/types\/page"}],"author":[{"embeddable":true,"href":"https:\/\/funet.tuke.sk\/index.php?rest_route=\/wp\/v2\/users\/2"}],"replies":[{"embeddable":true,"href":"https:\/\/funet.tuke.sk\/index.php?rest_route=%2Fwp%2Fv2%2Fcomments&post=319"}],"version-history":[{"count":7,"href":"https:\/\/funet.tuke.sk\/index.php?rest_route=\/wp\/v2\/pages\/319\/revisions"}],"predecessor-version":[{"id":606,"href":"https:\/\/funet.tuke.sk\/index.php?rest_route=\/wp\/v2\/pages\/319\/revisions\/606"}],"wp:attachment":[{"href":"https:\/\/funet.tuke.sk\/index.php?rest_route=%2Fwp%2Fv2%2Fmedia&parent=319"}],"curies":[{"name":"wp","href":"https:\/\/api.w.org\/{rel}","templated":true}]}}