{"id":63,"date":"2022-09-28T19:13:20","date_gmt":"2022-09-28T19:13:20","guid":{"rendered":"https:\/\/pcklubfu.website.tuke.sk\/?page_id=63"},"modified":"2023-03-05T09:17:00","modified_gmt":"2023-03-05T09:17:00","slug":"sluzby","status":"publish","type":"page","link":"https:\/\/funet.tuke.sk\/?page_id=63","title":{"rendered":"Slu\u017eby"},"content":{"rendered":"\n<ul class=\"wp-block-list\">\n<li><a href=\"https:\/\/funet.tuke.sk\/?page_id=65\" data-type=\"URL\" data-id=\"https:\/\/funet.tuke.sk\/?page_id=65\">Pr\u00edstup k Internetu <\/a><\/li>\n\n\n\n<li><a href=\"https:\/\/funet.tuke.sk\/?page_id=479\" data-type=\"URL\" data-id=\"https:\/\/funet.tuke.sk\/?page_id=479\">Posil\u0148ov\u0148a<\/a><\/li>\n\n\n\n<li><a href=\"https:\/\/funet.tuke.sk\/?page_id=485\" data-type=\"URL\" data-id=\"https:\/\/funet.tuke.sk\/?page_id=485\">Boxer\u0148a<\/a><\/li>\n\n\n\n<li><a href=\"https:\/\/funet.tuke.sk\/?page_id=495\" data-type=\"URL\" data-id=\"https:\/\/funet.tuke.sk\/?page_id=495\">Stoln\u00fd tenis<\/a><\/li>\n\n\n\n<li><a href=\"https:\/\/funet.tuke.sk\/?page_id=503\" data-type=\"URL\" data-id=\"https:\/\/funet.tuke.sk\/?page_id=503\">Konferen\u010dn\u00e1 miestnos\u0165<\/a><\/li>\n\n\n\n<li><a href=\"https:\/\/funet.tuke.sk\/?page_id=508\" data-type=\"URL\" data-id=\"https:\/\/funet.tuke.sk\/?page_id=508\">Telocvi\u010dna<\/a><\/li>\n\n\n\n<li><a href=\"https:\/\/funet.tuke.sk\/?page_id=518\" data-type=\"URL\" data-id=\"https:\/\/funet.tuke.sk\/?page_id=518\">Jed\u00e1le\u0148<\/a><\/li>\n\n\n\n<li><a href=\"https:\/\/funet.tuke.sk\/?page_id=527\" data-type=\"URL\" data-id=\"https:\/\/funet.tuke.sk\/?page_id=527\">Pr\u00e1\u010dov\u0148a<\/a><\/li>\n\n\n\n<li><a href=\"https:\/\/funet.tuke.sk\/?page_id=537\" data-type=\"URL\" data-id=\"https:\/\/funet.tuke.sk\/?page_id=537\">Kuchynky<\/a><\/li>\n\n\n\n<li><a href=\"https:\/\/funet.tuke.sk\/?page_id=544\" data-type=\"URL\" data-id=\"https:\/\/funet.tuke.sk\/?page_id=544\">\u00daschov\u0148a bicyklov<\/a><\/li>\n<\/ul>\n","protected":false},"excerpt":{"rendered":"","protected":false},"author":1,"featured_media":0,"parent":0,"menu_order":0,"comment_status":"closed","ping_status":"closed","template":"","meta":{"footnotes":""},"class_list":["post-63","page","type-page","status-publish","hentry"],"_links":{"self":[{"href":"https:\/\/funet.tuke.sk\/index.php?rest_route=\/wp\/v2\/pages\/63","targetHints":{"allow":["GET"]}}],"collection":[{"href":"https:\/\/funet.tuke.sk\/index.php?rest_route=\/wp\/v2\/pages"}],"about":[{"href":"https:\/\/funet.tuke.sk\/index.php?rest_route=\/wp\/v2\/types\/page"}],"author":[{"embeddable":true,"href":"https:\/\/funet.tuke.sk\/index.php?rest_route=\/wp\/v2\/users\/1"}],"replies":[{"embeddable":true,"href":"https:\/\/funet.tuke.sk\/index.php?rest_route=%2Fwp%2Fv2%2Fcomments&post=63"}],"version-history":[{"count":15,"href":"https:\/\/funet.tuke.sk\/index.php?rest_route=\/wp\/v2\/pages\/63\/revisions"}],"predecessor-version":[{"id":587,"href":"https:\/\/funet.tuke.sk\/index.php?rest_route=\/wp\/v2\/pages\/63\/revisions\/587"}],"wp:attachment":[{"href":"https:\/\/funet.tuke.sk\/index.php?rest_route=%2Fwp%2Fv2%2Fmedia&parent=63"}],"curies":[{"name":"wp","href":"https:\/\/api.w.org\/{rel}","templated":true}]}}